 List the prime factors of u(a).
3
Let r(o) = 1346*o**2 + 343*o + 2051. What are the prime factors of r(-6)?
48449
Let i be 726/(-8) - 2/8. Suppose -25*g - 8160 = -121*g. Let l = g - i. What are the prime factors of l?
2, 11
Let c = 2022 + 732. Suppose -56*a + 65*a = c. What are the prime factors of a?
2, 3, 17
Suppose 3*u - 6*u = -0*u. Let m be (-3 - u)/(2 - 22/8). What are the prime factors of (-72)/(1/(3 - m))?
2, 3
Suppose 0 = -121*k + 72955 + 164206 + 80464. What are the prime factors of k?
3, 5, 7
Let q = 56 + -3. Suppose g + 0 = q. Let d = g + -23. List the prime factors of d.
2, 3, 5
Suppose 13 = -21*h - 8. What are the prime factors of 9*(h + 46 - 0)?
3, 5
List the prime factors of ((-1252920)/(-954))/((-2)/(-6)).
2, 5, 197
Let n(q) = q**3 + 5*q**2 - 2*q + 3. Let p be n(-6). Let a = 24 + p. List the prime factors of -3*((-44)/a - -1).
41
Suppose 17*z - 12069 = 114581. Suppose 15*q = 25*q - z. What are the prime factors of q?
5, 149
Suppose 1452 = 3*s + 3*j - 372, 4*j - 3036 = -5*s. Let i = s - -213. List the prime factors of i.
19, 43
Suppose 0 = 2*k - 4*k - 58. Let h = -22 - k. Suppose 0 = -3*r - h + 46. What are the prime factors of r?
13
Let y(j) = -2*j**2 + 20*j - 14. Let h = 20 - 30. Let x(s) = s**2 + 10*s + 8. Let m be x(h). List the prime factors of y(m).
2, 3
Suppose -189*r - 147*r - 904233 = -18842601. What are the prime factors of r?
2, 3, 1483
Let d = 21001 - 12618. What are the prime factors of d?
83, 101
Let n(c) = -997*c + 3712. List the prime factors of n(-47).
3, 1873
Suppose -295*k - 171*k = -13790804. What are the prime factors of k?
2, 14797
Let k(q) = -q**2 - 10*q - 6. Let x be k(-9). Suppose 0*n - n + 241 = -g, 2*n - 480 = x*g. What are the prime factors of n?
3
Suppose -12*o = -11*o - 410. Suppose 0 = 2*a - 106 - o. What are the prime factors of a?
2, 3, 43
Let h be (-2*4)/((-45)/50 - -1). Let u = h - -81. What are the prime factors of u*-404*8/(-16)?
2, 101
Let t(a) = 162*a**3 - 3*a + 2. Let n be t(1). Let v = n - 156. Suppose 87 = -v*i + 327. What are the prime factors of i?
2, 3
Suppose -5*v - 35 = -5*l, 0 = v + 5 - 6. Let q(w) = 99*w - 22. Let m be q(l). Suppose 27*a = 32*a - m. What are the prime factors of a?
2, 7, 11
Let c(l) = l**3 - 4*l**2 + 2*l - 6. Let z be c(4). Let x be -2 - 0 - (4 + (-213 - z)). Let i = -143 + x. List the prime factors of i.
2, 3, 11
Let l be 18/6 + (-279)/(-3). Let h be l/18 - 1/3. Suppose 150 = h*x + z, -41 = -x - 3*z + 5*z. List the prime factors of x.
31
Let m(i) be the third derivative of -i**6/20 - 19*i**5/30 - i**4/8 + 8*i**3/3 - 19*i**2 - i. What are the prime factors of m(-9)?
13, 103
Let v be 18/(-1)*(-12)/(-2). Suppose 3798 = 41*w - 23*w. Let z = v + w. List the prime factors of z.
103
Let b(u) = -18*u + 1081. List the prime factors of b(16).
13, 61
Suppose 0 = 2*i + 3*b - 13, 0*b + 16 = 5*i + 2*b. Suppose -4*y - i*v + 30 = v, -2*y + 3*v + 6 = 0. List the prime factors of (-6)/18 + 326/y.
2, 3
Suppose 19*w + 84 = 20*w. What are the prime factors of 66619/w + 7/(-84)?
13, 61
Let k(j) = 3*j**2 - 10*j + 66. Let u be k(9). Let p = u - 113. List the prime factors of p.
2, 53
Let g(f) = -33*f - 27. Let k(j) = -34*j - 28. Let m(u) = -3*g(u) + 4*k(u). List the prime factors of m(-8).
5, 53
Suppose -40*u = -44*u + 28. Suppose p = 2*h + u, 0 = 3*h - 6*h + 3. Let t(f) = 6*f**2 - 22*f + 12. List the prime factors of t(p).
2, 3, 5
Let o = -81 - -73. What are the prime factors of ((-305)/2)/(4/o)?
5, 61
Let q = 23902 - 13244. Suppose 23*k = -768 + q. List the prime factors of k.
2, 5, 43
Suppose 114*u + 127*u - 198*u = 2332019. List the prime factors of u.
193, 281
Let p(d) be the first derivative of -5*d**4/4 + d**3/3 + 11*d**2/2 + d + 108. What are the prime factors of p(-5)?
2, 149
Suppose -b - 439 = y + b, -2*b = 4*y + 1774. Let k = 448 + y. List the prime factors of k.
3
Let u(c) be the third derivative of 0 - 1/120*c**6 + 9*c**2 - 5/12*c**4 + 0*c + 1/6*c**5 + 13/6*c**3. What are the prime factors of u(6)?
97
Suppose -w + 3 = 0, 8*n - 5*w - 107940 = 3*n. What are the prime factors of n?
3, 2399
Suppose -168*v - 1065525 + 1417222 = -3008135. List the prime factors of v.
7, 2857
Suppose 3*m + 3*r = 969, -22*m - 2*r + 971 = -19*m. What are the prime factors of m/26*(-472)/(-10)?
2, 5, 59
Let q(t) = -3*t**2 - 21*t + 15. Let r(h) = -7*h**2 - 43*h + 29. Let g(n) = 5*q(n) - 2*r(n). Let v be g(-20). List the prime factors of 15 + -3 + 3 + v.
2, 3
Suppose -w = -3, 3*w + 863 - 216 = -4*f. What are the prime factors of (-2)/(-8) - 188559/f?
2, 5, 23
Let l(u) = 9*u**3 - 6*u**2 - 11*u + 410. List the prime factors of l(11).
2, 29, 199
Let a = 13953 + -6797. List the prime factors of a.
2, 1789
Suppose 3*b + 3*f = 15057, 8*f = 5*b + 4*f - 25140. What are the prime factors of b?
2, 157
Let q(y) = -4*y**3 - 4*y**2 - 8*y - 40. Let x(m) = -3*m**3 - 3*m**2 - 6*m - 39. Let v(n) = 4*q(n) - 5*x(n). Let h = -2 - -2. List the prime factors of v(h).
5, 7
Suppose -42229*y + 42254*y = 972500. What are the prime factors of y?
2, 5, 389
Let l = -8690 - -16656. What are the prime factors of l?
2, 7, 569
Let m be (2 + 0)*(-8)/8 - 11. Let x = -9 - m. List the prime factors of (193/(-4)*2)/((-2)/x).
193
Suppose 3*r + 2*h - 59170 = 0, -h + 19722 = 329*r - 328*r. What are the prime factors of r?
2, 7, 1409
Let k = -9 + 12. What are the prime factors of k/(9/2658) + -1?
3, 5, 59
Suppose -3*m + 47*m = 8*m + 678060. List the prime factors of m.
5, 3767
Let r = 4504 + -2454. Suppose 13*d - r - 1824 = 0. List the prime factors of d.
2, 149
Let n = 398 - 373. Suppose -4*p - n*p + 33437 = 0. List the prime factors of p.
1153
Suppose 12 = -4*b, 2*q - 13*b - 111650 = -9*b. List the prime factors of q.
55819
Let r = 36 - 26. Let b = 2562 + -2560. Suppose -b*c + 98 = -r. What are the prime factors of c?
2, 3
Suppose -42*s - 52735 = 204047 - 1747698. What are the prime factors of s?
2, 17749
Let l = 2870 + -739. What are the prime factors of l?
2131
Let h = 7383 + -7221. What are the prime factors of h?
2, 3
Let b(c) = 599*c**2 - 352*c + 23. What are the prime factors of b(-5)?
2, 3, 7, 19
Let w(m) = m**2 + 24*m - 35. Let k be w(-25). List the prime factors of -2 - (k/5 + -167 + -1).
2, 3, 7
Suppose -4 = -4*n, 0 = b - 4*n - 2147 - 29334. What are the prime factors of b?
3, 5, 2099
Let v = -41957 - -74509. What are the prime factors of v?
2, 13, 313
Let q(d) = -1215*d - 873. List the prime factors of q(-9).
2, 3, 13, 43
What are the prime factors of -2281*117/26*-2?
3, 2281
List the prime factors of (10373 - 10*6/(-15)) + 8.
5, 31, 67
List the prime factors of -9 - (0 - (8344 - 11)).
2, 2081
Let m = -30 + 13. Let h = 32 + m. Let n = h + -5. What are the prime factors of n?
2, 5
Let a(c) = -10*c + 123. Let t be a(12). What are the prime factors of 4 - t - 4/(8/(-10))?
2, 3
What are the prime factors of 2906561/119 - (-10)/85?
5, 977
Suppose -1882 + 466 = -4*r + 4*s, 0 = -4*r - 4*s + 1392. Let z = -199 + r. What are the prime factors of z?
2, 19
Suppose 0 = 4*x - 9 - 3. Suppose -2*v + 16 = 4*g, 2*v + 26 = x*g + 7*v. Suppose -i + 198 = -y - g*y, 0 = y + 4. What are the prime factors of i?
2, 3, 31
Let s(o) = o**3 - 6*o**2 - o - 5. Let a be 0/2 - (-21)/3. Let l be s(a). Suppose -t + 2*y + 162 = 3*t, 4*y + l = t. List the prime factors of t.
41
Let r = 1262 - 79. Suppose 4*j - r = 677. List the prime factors of j.
3, 5, 31
Let c(s) = s**3 - 2*s**2 - 2*s + 4. Let o be c(3). Suppose -q = -2*q - f + o, -2*f - 49 = -5*q. Suppose -q*w + 5*w + 452 = 0. List the prime factors of w.
113
Suppose -j = 4*r - 1 + 14, -r + 2*j - 1 = 0. List the prime factors of (-12 - -9)*(1 - (-147)/r).
2, 3
Suppose -8010 = -9*p + 20250. List the prime factors of ((p/6)/(-5))/((-12)/18).
157
Suppose 306*s = 19*s + 2457868. List the prime factors of s.
2, 2141
Suppose 41 = -9*j + 203. Let m = 24 + j. Let a = m - -34. List the prime factors of a.
2, 19
Let k(w) = 38*w**2 + 27*w - 2. Let u be k(-3). Let d = u - 64. What are the prime factors of d?
3, 5, 13
Let h be (-4)/6*(-7)/((-56)/(-36)). Let k(l) = -11*l**2 - 4*l**2 + 14*l**2 + h*l + 16. List the prime factors of k(4).
2, 3
Suppose 10*c = 67*c - 3563526. List the prime factors of c.
2, 31259
Let u = 4041 - -1526. List the prime factors of u.
19, 293
Let b(t) = t**3 + 8*t**2 + 7*t + 4. Let d be b(-7). Supp